 n(l) = 5*l**3 - l**2. What is n(p)?
-6
Let b = 67 + -65. Suppose 0 = f - 1, b*q - 6 = f - 1. Let v(d) = -547*d + 547*d + 3 + d**2. Calculate v(q).
12
Let q(x) = x**3 + x + 4. Suppose 0 = 12*d - 20*d + 112. Let l(w) = 8 - 16*w + 15*w + 6. Let j be l(d). What is q(j)?
4
Let g(b) = -29 - 26 - 5*b + 33 + 10*b. Give g(8).
18
Let x(l) = -3*l**2 + 2*l - 3. Let c(q) = 2*q**2 - q + 3. Suppose -66*z = -59*z + 21. Let u(d) = z*x(d) - 4*c(d). Calculate u(4).
5
Let k(z) be the first derivative of z**3/3 - 28*z**2 + 161*z + 4342. Calculate k(53).
2
Suppose -34*g + 510 = -37*g. Let a = g - -162. Let p(j) = -j - 4. Determine p(a).
4
Let j(d) be the first derivative of 10/3*d**3 + 0*d**2 + 1/120*d**5 + 0*d - 7 + 1/12*d**4. Let n(l) be the third derivative of j(l). What is n(-2)?
0
Let b(d) = -78*d**2 - 54*d + 80. Let s(h) = -10*h**2 - h. Let q(n) = -b(n) + 8*s(n). Determine q(21).
4
Let t = 349 + -345. Suppose -t*o - 18 = -2*i, i = 2*o - 4*i + 13. Let c(d) = d**3 + 6*d**2 + 4*d - 5. Calculate c(o).
11
Let s(z) be the third derivative of 0*z + 11*z**2 - 4/3*z**3 + 1/12*z**4 + 1/120*z**6 - 7/60*z**5 - 2. Determine s(6).
-32
Let c(y) = -y**2 + y + 8. Let a(p) be the third derivative of -p**5/60 - 5*p**4/24 + 25*p**3/3 + p**2 - 153. Let k be a(5). Calculate c(k).
8
Let y(z) = 489 - 1055 + 569 + 4*z - z**2. What is y(7)?
-18
Suppose 2894*l = 2993*l + 99. Let s(m) = 28*m + 4. Determine s(l).
-24
Let a(u) = u**2 + 6*u - 5. Let g(x) = -4*x + 6*x**3 - 2686 + 0*x + 2681. Let l be g(-1). Calculate a(l).
2
Let q(m) = -m**3 - 2*m + 2. Suppose 4*l = 4*j - 12, 2*l = -5*j + 5*l + 13. Calculate q(j).
-10
Let z(n) = 23 + 9 - 11 + 8 + 57 + 10*n. What is z(-8)?
6
Let c(p) be the third derivative of 11*p**4/24 - 65*p**3/6 + 1069*p**2. What is c(6)?
1
Let j(c) = 9*c + 18. Let x be j(-2). Suppose 1048*w - 1054*w - 48 = x. Let f(q) = q**2 + 9*q + 3. Give f(w).
-5
Let i(r) = 101*r + 902. Let o be i(-9). Let l(n) = n**3 + 6*n**2 - 11*n - 16. Give l(o).
12
Let i(o) = -5*o - 4. Let x(g) = -2*g**3 - 2*g**2 + 4*g + 1. Let d be x(-2). Let f(c) = c + 2. Let h(z) = d*i(z) + 3*f(z). Determine h(7).
-12
Let m(l) be the first derivative of l**2/2 - 21*l + 2535. What is m(-5)?
-26
Suppose -4*u - 17*u + 147 = 28*u. Let v(r) be the first derivative of r**4/4 - 2*r**3/3 - 3*r**2/2 + 2*r + 11. What is v(u)?
2
Let r(t) be the third derivative of t**5/20 - t**4/24 - t**3/3 - 5922*t**2 + 3*t. Let a be (-4)/(-6) + (-16)/6. What is r(a)?
12
Let b be -11 - 6*((-175)/84 - -2)*4. Let w(t) = -t**2 - 11*t - 9. Determine w(b).
9
Let h = -155 + 167. Let z(u) = -7*u**3 + 18*u**2 + 7*u - 20. Let o(v) = -15*v**3 + 37*v**2 + 15*v - 41. Let q = -2 + 15. Let x(n) = q*z(n) - 6*o(n). Give x(h).
-2
Let c(y) = 3*y**2 + 4. Let d(h) = 9*h**2 - 3*h + 26. Let w(v) = -6*c(v) + d(v). Give w(2).
-40
Let t(l) = -l. Suppose 189 - 1925 = -28*o. Let y = 157 - 98. Let g = o - y. Calculate t(g).
-3
Let w(j) = 10*j - 123. Let z be w(13). Let a(h) = -14*h + z*h + 0*h + 3*h + 5*h - 7. Suppose 4*d - 2*d = -2*m + 24, m - 20 = -2*d. Determine a(d).
1
Let f(n) be the third derivative of -n**6/120 - n**5/5 - n**4/2 - 23*n**3/6 + 934*n**2 + 2. Determine f(-11).
-12
Let z(w) = -2*w + 10. Let o = 51 + -46. Let c be z(o). Suppose 0*h - h - 7 = c. Let j(r) = 2*r + 10. Give j(h).
-4
Let d(o) = -7*o - 2 - 10*o**2 - 5 - 2*o**3 + o**3. Let s be (968 - 971)/((-2*(-1)/6)/1). Determine d(s).
-25
Let q(a) = a**3 - 16*a**2 - 19*a. Suppose 0 = -26*v + 732 - 290. What is q(v)?
-34
Let x(c) = -4*c - 10. Let b(q) = 9*q + 20. Let h be ((1/(-3))/(12/(-252)))/(-1). Let s(d) = h*x(d) - 3*b(d). Calculate s(-16).
-6
Let n = -9 - -13. Suppose n - 12 = -2*m. Let j(u) = 269 + 7*u**2 - 267 + 4*u - 8*u**2. Determine j(m).
2
Let m(r) = 3*r - 38. Let b be m(14). Let v(l) be the first derivative of -l**3/3 + l**2 + l - 3. Give v(b).
-7
Let z(p) = 7*p + 7. Let v be (-1)/(((-9)/18)/((-2)/(-4))). Let d be -6*(v/6)/((-2)/(-4)). Let r be z(d). Let w(m) = m**3 + 6*m**2 - 8*m - 4. Determine w(r).
3
Suppose 2*g = 3*n - g - 105, -g + 120 = 4*n. Let b be ((25 - 7)/9)/1. Let i(x) = 1 - n*x + 33*x + b. Calculate i(-5).
-7
Let r(q) = q**3 + 14*q**2 - 15*q. Suppose 0 = -2*x + x - u + 7, -2*x - u = -11. Let s(m) = -41*m + 149. Let p be s(x). Calculate r(p).
0
Let c(p) = 4*p - 1. Suppose 11*b + 96*b = 107. Give c(b).
3
Let p(h) be the second derivative of -h**3/6 + 3*h**2/2 + 3*h. Suppose 0 = k + 3*k - 7115 + 7087. Determine p(k).
-4
Let p(f) = 2*f**3 - 3*f**2 + f - 2. Let y be p(2). Let l(g) = -29 + y*g + g**3 + 21 - 5*g + 2*g. Let m = 333 - 333. Give l(m).
-8
Let a(m) = -5*m + 5. Let q(h) = 60*h - 58. Let v(d) = 75*a(d) + 6*q(d). Give v(4).
-33
Let g(n) be the first derivative of 102 - 1/2*n**2 - 6*n. Calculate g(-7).
1
Suppose 12*x - 580 - 176 = 0. Let b = x + -63. Let h(g) = g**3 + g + 9. Give h(b).
9
Let l(g) = g**2 + 2*g - 17. Let z(w) = -2. Let y(n) = -2*l(n) + 18*z(n). Let b = 18336 + -18339. Give y(b).
-8
Suppose -20*i + 21*i = -5*s - 87, -3*i + 81 = -4*s. Let l(n) = 2*n**2 + 39*n + 9. What is l(s)?
-45
Let i = -8 - -10. Suppose -2*x - n = -i*n + 7, -2*x + 2*n - 12 = 0. Let h(k) be the second derivative of -k**3/2 - k - 47. Determine h(x).
3
Let k = -39 - -95. Let f be (-1)/(-3) - (k/(-12) - -4). Let o(j) be the first derivative of -5*j**3 - j**2 + j - 90. Give o(f).
-16
Suppose 47*r - 9*r + 396 = -28*r. Let w(v) be the first derivative of -2*v**3/3 - 5*v**2 - 9*v - 2. Determine w(r).
-21
Let t(b) be the second derivative of -b**4/6 + 5*b**3/3 - 2*b**2 - 2502*b. Determine t(5).
-4
Let q be (-1 - 5/(-3))*(-480)/((-1000)/(-25)). Let k(t) = -t**3 - 3*t**2 + 44*t + 11. Give k(q).
-21
Let l(d) = d**2 - 16*d + 28. Let y = 22 - 26. Let o be 2/(-8) + (-4 - 73/y). Let k be l(o). Let z(v) = -v**2 - 3. Give z(k).
-3
Let t(g) = -14*g + 45. Let j = 29278 + -29270. Determine t(j).
-67
Let i(y) = 5*y - 12. Suppose -188 = u - 192. Let h(m) = -4*m + 11. Let s(t) = u*h(t) + 3*i(t). What is s(3)?
5
Let c(r) = 6*r - 71. Let s be c(19). Let b(x) = 10 + s*x**3 - 4*x - 44*x**3 + 5*x**2 + 0*x + 6*x - 3*x. What is b(5)?
5
Let q(o) = 3*o**2 + 4*o + 5. Let w(h) = -h**2. Let i(r) = -q(r) - 4*w(r). Let s = -163 + -57. Let j = s + 224. Give i(j).
-5
Suppose -236*i = -171*i - 390. Let z(y) = 6*y - 5*y**3 + 4*y**2 - 5 + 0 + 4*y**3 + 0*y**2. What is z(i)?
-41
Let u(f) = -f - 3. Let w(t) = -4*t - 147 + 141 + 3*t. Let j(x) = -5*u(x) + 3*w(x). What is j(9)?
15
Let j(o) = -2*o - 1. Let a(v) = 2*v**2 - 2*v - 2. Suppose -23 = -i + 4*i + 2*c, -3 = 3*c. Let l = 9 + i. Let z be a(l). What is j(z)?
-5
Let t(s) = 167*s + 1333. Let w be t(-8). Let y(n) = 2*n**3 + n**2 - 2*n + 7. Give y(w).
-32
Let o(r) be the second derivative of -2 + 0*r**3 - 7*r - 1/12*r**4 + 3/2*r**2. Calculate o(-4).
-13
Let f be (14/(10/5))/(2/30). Let p be (38/133)/((-5)/f). Let n(d) be the first derivative of -d**4/4 - 2*d**3 + 7*d - 1. Calculate n(p).
7
Suppose 27*l + 12 = 23*l. Let b(o) be the first derivative of o**4/4 + 2*o**3 + o**2 - 4*o - 227. What is b(l)?
17
Let g = 2 + 0. Let m(k) = 2*k**g - 24 - k**2 + 897*k - 891*k. Let b(j) = -2*j**2 - 11*j + 48. Let d(p) = 6*b(p) + 11*m(p). What is d(0)?
24
Let s(k) = -34*k - 271. Let y be s(-24). Let l(g) = 18*g + y + 524 - 1633 + 544 - g**2. What is l(15)?
25
Suppose -p = -110 + 108. Let k(j) = -5*j**3 + 10*j**2 + 3*j - 10. Give k(p).
-4
Let l = -23 + 25. Suppose 5*k = 4*i + 4, -l*i + 4 = -i. Let o(v) = -4*v + 19. Let h(m) = 2*m - 9. Let r(f) = -9*h(f) - 4*o(f). Calculate r(k).
-3
Let h(u) = 3*u**2 - 77*u - 161. Let q(y) = 4*y**2 - 116*y - 241. Let k(b) = -7*h(b) + 5*q(b). Give k(-39).
0
Let v(u) = 6*u - 50. Let x be v(14). Suppose -x*g + 31*g = 12. Let q(m) be the third derivative of m**4/24 + m**3/2 - m**2. What is q(g)?
-1
Suppose 11*x + 1 = 23. Suppose -4*y + 2*r + 271 = 7*r, x*y + r - 137 = 0. Let b(d) = 36*d**2 + 29*d**2 - 1 + d**3 + d - y*d**2. Calculate b(4).
3
Let y(k) = k**3 - 12*k**2 - 11*k - 14. Suppose -2930*d + j = -2925*d - 64, 0 = -4*d - 2*j + 54. Calculate y(d).
12
Suppose -6 + 7 = 4*o + i, 2*o - 3*i - 11 = 0. Let g be (-2)/2*-4 - -3. Let s(w) = -4*w - g*w + 1 + 6*w. Give s(o).
-4
Let s = 587 + -582. Let z(b) = 11*b**3 + 13*b**2 - 13*b + 15. Let p(f) = 9*f**3 + 12*f**2 - 12*f + 13. Let r(k) = s*z(k) - 6*p(k). Give r(6).
3
Let r = -73 + 75. Let i(n) = -5*n + 2*n - 6 - 488*n**r + 4